{"id":2899,"date":"2019-02-12T09:48:51","date_gmt":"2019-02-12T08:48:51","guid":{"rendered":"http:\/\/2018.ureda.de\/?page_id=2899"},"modified":"2019-08-19T15:49:48","modified_gmt":"2019-08-19T13:49:48","slug":"team","status":"publish","type":"page","link":"https:\/\/www.ureda.de\/?page_id=2899","title":{"rendered":"Team"},"content":{"rendered":"\n<p>Jeder Mensch ist eine Insel. Doch Inseln k\u00f6nnen Archipele bilden. Diese bestehen nicht nur aus den Inseln, auch aus den Gew\u00e4ssern zwischen ihnen. Das <a href=\"http:\/\/2018.ureda.de\/?page_id=2903\">Dazwischen<\/a> ist so wichtig, jedoch in unserem gegenst\u00e4ndlichen und polaren Denken sehr vernachl\u00e4ssigt. <\/p>\n\n\n\n<p>Das Archipel um die Insel Ureda besteht neben mir (<a href=\"http:\/\/2018.ureda.de\/?page_id=2012\">Karl-Josef Durwen<\/a>) aus:<\/p>\n\n\n\n<p><strong>Mirko Ross<\/strong> (<a href=\"https:\/\/www.digital-worx.de\/home\/\">digital worx<\/a>), der 2001 die erste Webseite Ureda.de programmierte und von dem das zugrundeliegende Design stammt. <\/p>\n\n\n\n<p><strong>Lukas Komaric<\/strong> (digital worx). der 2018 die ehemalige Seite auf WordPress portierte und mir bei der Neugestaltung mit Rat und Tat zur Seite stand.<\/p>\n\n\n\n<p><strong>Peter Kr\u00fcger<\/strong>, der &#8222;Uri durch den Spiegel&#8220; meisterhaft vertonte und auch die hier verwendeten H\u00f6rproben zum Roman &#8222;Sofies Spiegelwelt&#8220; schuf.<\/p>\n\n\n\n<p><strong><a href=\"http:\/\/simone-neveling.de\/\">Simone Neveling<\/a><\/strong>, von der die Illustrationen zu &#8222;Uri durch den Spiegel&#8220; stammen.<\/p>\n\n\n\n<p><\/p>\n\n\n\n<p><strong><a href=\"https:\/\/dasauge.de\/-freidesign\/\">Heinz Neveling<\/a><\/strong>, der die Flugszene mit Uri programmierte.<\/p>\n\n\n\n<p>Ihnen allen gilt mein herzlicher Dank!<\/p>\n","protected":false},"excerpt":{"rendered":"<p>Jeder Mensch ist eine Insel. Doch Inseln k\u00f6nnen Archipele bilden. Diese bestehen nicht nur aus den Inseln, auch aus den Gew\u00e4ssern zwischen ihnen. Das Dazwischen ist so wichtig, jedoch in unserem gegenst\u00e4ndlichen und polaren Denken sehr vernachl\u00e4ssigt. Das Archipel um die Insel Ureda besteht neben mir (Karl-Josef Durwen) aus: Mirko Ross (digital worx), der 2001 [&hellip;]<\/p>\n","protected":false},"author":1,"featured_media":0,"parent":57,"menu_order":0,"comment_status":"closed","ping_status":"closed","template":"","meta":{"footnotes":""},"class_list":["post-2899","page","type-page","status-publish","hentry"],"_links":{"self":[{"href":"https:\/\/www.ureda.de\/index.php?rest_route=\/wp\/v2\/pages\/2899"}],"collection":[{"href":"https:\/\/www.ureda.de\/index.php?rest_route=\/wp\/v2\/pages"}],"about":[{"href":"https:\/\/www.ureda.de\/index.php?rest_route=\/wp\/v2\/types\/page"}],"author":[{"embeddable":true,"href":"https:\/\/www.ureda.de\/index.php?rest_route=\/wp\/v2\/users\/1"}],"replies":[{"embeddable":true,"href":"https:\/\/www.ureda.de\/index.php?rest_route=%2Fwp%2Fv2%2Fcomments&post=2899"}],"version-history":[{"count":8,"href":"https:\/\/www.ureda.de\/index.php?rest_route=\/wp\/v2\/pages\/2899\/revisions"}],"predecessor-version":[{"id":4821,"href":"https:\/\/www.ureda.de\/index.php?rest_route=\/wp\/v2\/pages\/2899\/revisions\/4821"}],"up":[{"embeddable":true,"href":"https:\/\/www.ureda.de\/index.php?rest_route=\/wp\/v2\/pages\/57"}],"wp:attachment":[{"href":"https:\/\/www.ureda.de\/index.php?rest_route=%2Fwp%2Fv2%2Fmedia&parent=2899"}],"curies":[{"name":"wp","href":"https:\/\/api.w.org\/{rel}","templated":true}]}}