{"id":46,"date":"2018-01-15T11:26:47","date_gmt":"2018-01-15T10:26:47","guid":{"rendered":"http:\/\/2018.ureda.de\/?page_id=46"},"modified":"2019-05-16T17:54:53","modified_gmt":"2019-05-16T15:54:53","slug":"ug-bibliothek-reisen-und-mehr","status":"publish","type":"page","link":"https:\/\/www.ureda.de\/?page_id=46","title":{"rendered":"Die Schriften des Aristoteles"},"content":{"rendered":"<div id=\"image-map-pro-1050\"><\/div>\n<p>.<\/p>\n<p>\u00c4u\u00dferst abenteuerlich ist die in <a href=\"http:\/\/2018.ureda.de\/?page_id=1712\">&#8222;Sofies Spiegelwelt&#8220;<\/a> erz\u00e4hlte Geschichte, auf welch verschlungenen Wegen die Schriften des Aristoteles ins mittelalterliche Westeuropa gelangten.<\/p>\n<p>Was sie dort anrichteten, wird ebenfalls erz\u00e4hlt: Es war nicht weniger als eine Ver\u00e4nderung des Denkens, die in der Folge die Welt ver\u00e4nderte.<\/p>\n<p>Dies geschah &#8211; und geschieht im Grundsatz auch noch heute &#8211; in der Auseinandersetzung mit der Lehre des Platon.<\/p>\n<p>Insofern sind die beiden alten Griechen noch immer aktuell, besonders Aristoteles, dessen Philosophie ein Fundament f\u00fcr ein &#8211; wieder! &#8211; neues und notwendiges Umdenken sein kann.<\/p>\n","protected":false},"excerpt":{"rendered":"<p>. \u00c4u\u00dferst abenteuerlich ist die in &#8222;Sofies Spiegelwelt&#8220; erz\u00e4hlte Geschichte, auf welch verschlungenen Wegen die Schriften des Aristoteles ins mittelalterliche Westeuropa gelangten. Was sie dort anrichteten, wird ebenfalls erz\u00e4hlt: Es war nicht weniger als eine Ver\u00e4nderung des Denkens, die in der Folge die Welt ver\u00e4nderte. Dies geschah &#8211; und geschieht im Grundsatz auch noch heute [&hellip;]<\/p>\n","protected":false},"author":1,"featured_media":0,"parent":1033,"menu_order":0,"comment_status":"closed","ping_status":"closed","template":"","meta":{"footnotes":""},"class_list":["post-46","page","type-page","status-publish","hentry"],"_links":{"self":[{"href":"https:\/\/www.ureda.de\/index.php?rest_route=\/wp\/v2\/pages\/46"}],"collection":[{"href":"https:\/\/www.ureda.de\/index.php?rest_route=\/wp\/v2\/pages"}],"about":[{"href":"https:\/\/www.ureda.de\/index.php?rest_route=\/wp\/v2\/types\/page"}],"author":[{"embeddable":true,"href":"https:\/\/www.ureda.de\/index.php?rest_route=\/wp\/v2\/users\/1"}],"replies":[{"embeddable":true,"href":"https:\/\/www.ureda.de\/index.php?rest_route=%2Fwp%2Fv2%2Fcomments&post=46"}],"version-history":[{"count":17,"href":"https:\/\/www.ureda.de\/index.php?rest_route=\/wp\/v2\/pages\/46\/revisions"}],"predecessor-version":[{"id":4307,"href":"https:\/\/www.ureda.de\/index.php?rest_route=\/wp\/v2\/pages\/46\/revisions\/4307"}],"up":[{"embeddable":true,"href":"https:\/\/www.ureda.de\/index.php?rest_route=\/wp\/v2\/pages\/1033"}],"wp:attachment":[{"href":"https:\/\/www.ureda.de\/index.php?rest_route=%2Fwp%2Fv2%2Fmedia&parent=46"}],"curies":[{"name":"wp","href":"https:\/\/api.w.org\/{rel}","templated":true}]}}

<div id="image-map-pro-1050"></div>
<p>.</p>
<p>Äußerst abenteuerlich ist die in <a href="http://2018.ureda.de/?page_id=1712">&#8222;Sofies Spiegelwelt&#8220;</a> erzählte Geschichte, auf welch verschlungenen Wegen die Schriften des Aristoteles ins mittelalterliche Westeuropa gelangten.</p>
<p>Was sie dort anrichteten, wird ebenfalls erzählt: Es war nicht weniger als eine Veränderung des Denkens, die in der Folge die Welt veränderte.</p>
<p>Dies geschah &#8211; und geschieht im Grundsatz auch noch heute &#8211; in der Auseinandersetzung mit der Lehre des Platon.</p>
<p>Insofern sind die beiden alten Griechen noch immer aktuell, besonders Aristoteles, dessen Philosophie ein Fundament für ein &#8211; wieder! &#8211; neues und notwendiges Umdenken sein kann.</p>

<p>. Äußerst abenteuerlich ist die in &#8222;Sofies Spiegelwelt&#8220; erzählte Geschichte, auf welch verschlungenen Wegen die Schriften des Aristoteles ins mittelalterliche Westeuropa gelangten. Was sie dort anrichteten, wird ebenfalls erzählt: Es war nicht weniger als eine Veränderung des Denkens, die in der Folge die Welt veränderte. Dies geschah &#8211; und geschieht im Grundsatz auch noch heute [&hellip;]</p>
