{"id":51,"date":"2018-01-15T11:26:47","date_gmt":"2018-01-15T10:26:47","guid":{"rendered":"http:\/\/2018.ureda.de\/?page_id=51"},"modified":"2020-02-03T10:47:17","modified_gmt":"2020-02-03T09:47:17","slug":"ug-bibliothek-philosophie","status":"publish","type":"page","link":"https:\/\/www.ureda.de\/?page_id=51","title":{"rendered":"Uris Lexikon"},"content":{"rendered":"<div id=\"image-map-pro-9603\"><\/div>\n<p>.<\/p>\n<p>In dieser Bibliothek steht Uris Lexikon mit den allgemeinen Begriffen, die ins Seh-, H\u00f6r- und Klickbuch <a href=\"https:\/\/www.ureda.de\/?page_id=2451\">&#8222;Uri durch den Spiegel&#8220;<\/a> eingebettet sind und hier in den f\u00fcnf B\u00e4nden nachgeschlagen werden k\u00f6nnen.<em><br \/>\n<\/em><\/p>\n<p>(derzeit wird noch flei\u00dfig bef\u00fcllt)<\/p>\n","protected":false},"excerpt":{"rendered":"<p>. In dieser Bibliothek steht Uris Lexikon mit den allgemeinen Begriffen, die ins Seh-, H\u00f6r- und Klickbuch &#8222;Uri durch den Spiegel&#8220; eingebettet sind und hier in den f\u00fcnf B\u00e4nden nachgeschlagen werden k\u00f6nnen. (derzeit wird noch flei\u00dfig bef\u00fcllt)<\/p>\n","protected":false},"author":1,"featured_media":0,"parent":1033,"menu_order":0,"comment_status":"closed","ping_status":"closed","template":"","meta":{"footnotes":""},"class_list":["post-51","page","type-page","status-publish","hentry"],"_links":{"self":[{"href":"https:\/\/www.ureda.de\/index.php?rest_route=\/wp\/v2\/pages\/51"}],"collection":[{"href":"https:\/\/www.ureda.de\/index.php?rest_route=\/wp\/v2\/pages"}],"about":[{"href":"https:\/\/www.ureda.de\/index.php?rest_route=\/wp\/v2\/types\/page"}],"author":[{"embeddable":true,"href":"https:\/\/www.ureda.de\/index.php?rest_route=\/wp\/v2\/users\/1"}],"replies":[{"embeddable":true,"href":"https:\/\/www.ureda.de\/index.php?rest_route=%2Fwp%2Fv2%2Fcomments&post=51"}],"version-history":[{"count":14,"href":"https:\/\/www.ureda.de\/index.php?rest_route=\/wp\/v2\/pages\/51\/revisions"}],"predecessor-version":[{"id":4964,"href":"https:\/\/www.ureda.de\/index.php?rest_route=\/wp\/v2\/pages\/51\/revisions\/4964"}],"up":[{"embeddable":true,"href":"https:\/\/www.ureda.de\/index.php?rest_route=\/wp\/v2\/pages\/1033"}],"wp:attachment":[{"href":"https:\/\/www.ureda.de\/index.php?rest_route=%2Fwp%2Fv2%2Fmedia&parent=51"}],"curies":[{"name":"wp","href":"https:\/\/api.w.org\/{rel}","templated":true}]}}