{"id":568,"date":"2018-08-21T16:35:42","date_gmt":"2018-08-21T14:35:42","guid":{"rendered":"http:\/\/2018.ureda.de\/?page_id=568"},"modified":"2019-01-13T10:34:14","modified_gmt":"2019-01-13T09:34:14","slug":"eingang","status":"publish","type":"page","link":"https:\/\/www.ureda.de\/?page_id=568","title":{"rendered":"Willkommen"},"content":{"rendered":"\t\t<div data-elementor-type=\"wp-post\" data-elementor-id=\"568\" class=\"elementor elementor-568 elementor-bc-flex-widget\">\n\t\t\t\t\t\t\t\t\t<section class=\"elementor-section elementor-top-section elementor-element elementor-element-35b2e590 elementor-section-boxed elementor-section-height-default elementor-section-height-default\" data-id=\"35b2e590\" data-element_type=\"section\">\n\t\t\t\t\t\t<div class=\"elementor-container elementor-column-gap-default\">\n\t\t\t\t\t<div class=\"elementor-column elementor-col-50 elementor-top-column elementor-element elementor-element-9c88f8c\" data-id=\"9c88f8c\" data-element_type=\"column\">\n\t\t\t<div class=\"elementor-widget-wrap elementor-element-populated\">\n\t\t\t\t\t\t\t\t<div class=\"elementor-element elementor-element-f922e52 elementor-widget elementor-widget-text-editor\" data-id=\"f922e52\" data-element_type=\"widget\" data-widget_type=\"text-editor.default\">\n\t\t\t\t<div class=\"elementor-widget-container\">\n\t\t\t\t\t\t\t<p><div id=\"image-map-pro-8634\"><\/div><\/p>\t\t\t\t\t\t<\/div>\n\t\t\t\t<\/div>\n\t\t\t\t\t<\/div>\n\t\t<\/div>\n\t\t\t\t<div class=\"elementor-column elementor-col-50 elementor-top-column elementor-element elementor-element-c77cd22\" data-id=\"c77cd22\" data-element_type=\"column\">\n\t\t\t<div class=\"elementor-widget-wrap elementor-element-populated\">\n\t\t\t\t\t\t\t\t<div class=\"elementor-element elementor-element-0d08c13 elementor-widget elementor-widget-text-editor\" data-id=\"0d08c13\" data-element_type=\"widget\" data-widget_type=\"text-editor.default\">\n\t\t\t\t<div class=\"elementor-widget-container\">\n\t\t\t\t\t\t\t<h5 style=\"text-align: left;\"><span style=\"color: #333333;\">&#8230; in Ureda, der ehemaligen Philosophenschule im Meer der Vergessenheit, die nicht zuf\u00e4llig dem Castel del Monte (mehr zu diesem &#8222;hinter&#8220; der T\u00fcre) gleicht wie in Kuckuksei dem anderen.<\/span><\/h5><p>Wenn Sie Ureda erkunden wollen, so nutzen Sie die Navigation \u00fcber die Grundrisse,\u00a0<\/p>\t\t\t\t\t\t<\/div>\n\t\t\t\t<\/div>\n\t\t\t\t\t<\/div>\n\t\t<\/div>\n\t\t\t\t\t\t\t<\/div>\n\t\t<\/section>\n\t\t\t\t\t\t\t<\/div>\n\t\t","protected":false},"excerpt":{"rendered":"<p>&#8230; in Ureda, der ehemaligen Philosophenschule im Meer der Vergessenheit, die nicht zuf\u00e4llig dem Castel del Monte (mehr zu diesem &#8222;hinter&#8220; der T\u00fcre) gleicht wie in Kuckuksei dem anderen. Wenn Sie Ureda erkunden wollen, so nutzen Sie die Navigation \u00fcber die Grundrisse,\u00a0<\/p>\n","protected":false},"author":1,"featured_media":0,"parent":1029,"menu_order":2,"comment_status":"closed","ping_status":"closed","template":"","meta":{"footnotes":""},"class_list":["post-568","page","type-page","status-publish","hentry"],"_links":{"self":[{"href":"https:\/\/www.ureda.de\/index.php?rest_route=\/wp\/v2\/pages\/568"}],"collection":[{"href":"https:\/\/www.ureda.de\/index.php?rest_route=\/wp\/v2\/pages"}],"about":[{"href":"https:\/\/www.ureda.de\/index.php?rest_route=\/wp\/v2\/types\/page"}],"author":[{"embeddable":true,"href":"https:\/\/www.ureda.de\/index.php?rest_route=\/wp\/v2\/users\/1"}],"replies":[{"embeddable":true,"href":"https:\/\/www.ureda.de\/index.php?rest_route=%2Fwp%2Fv2%2Fcomments&post=568"}],"version-history":[{"count":47,"href":"https:\/\/www.ureda.de\/index.php?rest_route=\/wp\/v2\/pages\/568\/revisions"}],"predecessor-version":[{"id":1947,"href":"https:\/\/www.ureda.de\/index.php?rest_route=\/wp\/v2\/pages\/568\/revisions\/1947"}],"up":[{"embeddable":true,"href":"https:\/\/www.ureda.de\/index.php?rest_route=\/wp\/v2\/pages\/1029"}],"wp:attachment":[{"href":"https:\/\/www.ureda.de\/index.php?rest_route=%2Fwp%2Fv2%2Fmedia&parent=568"}],"curies":[{"name":"wp","href":"https:\/\/api.w.org\/{rel}","templated":true}]}}